109 + t. What is the units digit of d?
9
Let m(z) = -z + 2. Let t be m(2). Suppose 0 = -5*g + a + 39, -4*g - 4*a + t*a = -36. What is the units digit of g?
8
Let n be ((-7)/(7/(-2)) - 2)/1. Suppose 4*c - 5*j - 380 = -n*c, 3*c - j - 285 = 0. What is the units digit of c?
5
Let n be (-16)/24*(-4 - -1). Suppose -n*m = -104 + 2. What is the units digit of m?
1
Let y(i) = -i**3 + 6*i**2 - 8*i + 5. Let a be y(4). Let w(g) = 2*g**2 - 4*g - 5. What is the tens digit of w(a)?
2
Let w(j) = -14*j - 7. Let p(a) = -a + 7. Let y be p(11). What is the units digit of w(y)?
9
Suppose 4*d - 406 = -122. What is the tens digit of d?
7
Let p(w) = 2*w. Let z(o) = 17*o. Let b be (2/(-2))/(9/18). Let g(v) = b*z(v) - 6*p(v). What is the units digit of g(-1)?
6
Let j = -13 - -9. Let o(r) = -8*r - 5. Let s(t) = -9*t - 6. Let k(q) = j*s(q) + 5*o(q). What is the units digit of k(-2)?
7
Let x(p) = 14*p**2 - 8*p + 9. Let t be -3 - -10 - 5/((-10)/(-8)). What is the tens digit of x(t)?
1
Let d be 3/2 + (-1)/(-2). Let l(z) = -12*z**d - 12*z**2 + z + 25*z**2. What is the units digit of l(-6)?
0
Let a(m) = m**2 - m - 8. Let i be a(0). Let f = i + 23. Let x = f + -1. What is the tens digit of x?
1
Suppose 0 = 27*b - 45*b + 1944. What is the tens digit of b?
0
Let x(f) = -f**3 + 40*f**2 + 59*f - 10. What is the tens digit of x(41)?
2
Let i be (-232)/(-40) - 2/(-10). Suppose n - i*n - 145 = 0. Let k = n - -30. What is the units digit of k?
1
Let h(m) = -m**3 + 5*m**2 - 3*m - 3. Let s be h(-4). Suppose 0 = -2*r - 11 + s. What is the tens digit of r?
7
Suppose x = 2*y + 12, -8 = -4*x + y + 5. Suppose u = -x*u - 3. What is the tens digit of u + 43 + -9 + 6?
3
Let u(c) = -4 - 1 - 5 - 12*c**2 - 27*c - 70*c**3 + 69*c**3. What is the units digit of u(-11)?
6
Let n = 1842 - 727. What is the units digit of n?
5
Let c = -1098 + 1529. What is the hundreds digit of c?
4
What is the thousands digit of (-2784082)/(-735) + 6/45 + 0?
3
Let d(c) = c**3 - 7*c**2 + 8. Let o be d(7). Suppose 0 = 4*g - o*g - 64. Let l = g + 30. What is the units digit of l?
4
Suppose 15*a + 127 = 23992. What is the tens digit of a?
9
Let u = -3 + 18. Let l = u + 16. What is the units digit of l?
1
Suppose -1592*g + 1589*g + 2187 = 0. What is the hundreds digit of g?
7
Suppose w - 623 = -4*s, 5*s - 2*w - 780 = -3*w. Let g = s - -18. What is the tens digit of g?
7
Suppose -5*g + 2*y = -3482, -2*g - 11*y + 8*y = -1389. What is the hundreds digit of g?
6
Let q(g) = 2*g**3 - 9 - 3*g - g**3 - 3*g**2 + 0*g**3. Let t = 251 + -246. What is the units digit of q(t)?
6
Let q(s) = s**2 - s - 2. Let d be q(-2). Suppose -o = y + d - 2, 0 = 2*y + o. Let b = y - 1. What is the units digit of b?
1
Suppose -4*d - 6 + 44 = 3*v, -3*v = 5*d - 34. What is the tens digit of 12/v*963/6?
0
Suppose 3*v - 3*g - 148 - 623 = 0, 2*v = 5*g + 514. What is the hundreds digit of v?
2
Suppose -h + 5*h - 32 = -5*f, -3*f = -4*h. Let m(d) = -30*d + 4. Let c be m(-6). Suppose 5*v - c = a, 4 = a + h*a. What is the units digit of v?
7
Suppose d - 2*o = 10, 3*d - 4*o = -o + 18. Let l be (-5)/(26/(-12) + d). What is the units digit of l/(-12)*(-1 - 1)?
5
Suppose 207 - 48 = 3*j. What is the units digit of j - (0 + 2) - -2?
3
Suppose 2*k - 26 = -4*n, -3*n - 2*n - 20 = -k. Suppose 0 = l - 2*l - k. Let x = l - -51. What is the tens digit of x?
3
Let y = 133 + -131. What is the tens digit of (9/y)/((-60)/(-2920))?
1
Suppose 8*g + 15 = 11*g. Suppose 10*k - 2910 = -g*k. What is the tens digit of k?
9
Let v = -31 - -17. Let q = v - -19. Suppose 4 = 9*f - q*f. What is the units digit of f?
1
Let o = 1628 + -691. What is the units digit of o?
7
Let a be (2/(-3))/(6/(-45)). Suppose 2*o = 19 + a. Let r = 27 - o. What is the units digit of r?
5
Let i(m) = 7*m + 3. Let j(y) = y + 1. Let d(p) = i(p) + 5*j(p). What is the units digit of d(4)?
6
Let n be 2*(0 + 3)*4/12. Suppose 0 = n*h - 39 - 79. What is the tens digit of h?
5
Suppose 217*s + 955 = 222*s. What is the tens digit of s?
9
Let l(p) = -2*p**2 - 45*p - 21. Let m be l(-22). Let f(x) = 294*x**3 - x**2. What is the hundreds digit of f(m)?
2
Let q be (-12)/15*2/(4/15). What is the tens digit of (-4)/(-22) + (2350/22 - q)?
1
Let d(s) = 184*s - 485. What is the tens digit of d(11)?
3
Suppose 1302 = -11*v + 32*v. What is the tens digit of v?
6
Suppose -4 = -p - 1. Suppose -3*h = -p*v, -v + h - 2 = -2*h. What is the units digit of 4/v + 2 + 3?
9
Suppose -19*o = c - 22*o - 2361, c = -4*o + 2361. What is the thousands digit of c?
2
Suppose -q + 0 = -3. Suppose -t = q*p + 4*t + 64, 4*t - 32 = 4*p. Let o = -11 - p. What is the units digit of o?
2
Let p(i) be the second derivative of i**4/12 - 3*i**2/2 - i + 18. Let t be (3/4)/(1/(-4)). What is the units digit of p(t)?
6
Let u(t) = -2*t + 3. Let g(i) = -i - 1. Let q(x) = 6*g(x) - 2*u(x). Let c be q(-6). Suppose c = -2*j - 2*j + 180. What is the units digit of j?
5
Let p = 21 + -13. Let l(t) = -t + 3*t - 4 - 10. What is the units digit of l(p)?
2
Let p(c) = -c - 7. Let o be p(-7). Suppose 2*d + 4 = o, 5*i + 7*d - 4*d + 161 = 0. What is the tens digit of i*(4 + -1 + -4)?
3
Let b be 1/(-2) - (-3913)/14. Let u = b + -162. What is the units digit of u?
7
Let u(r) = 15 - 54*r - 18 - 18. What is the units digit of u(-3)?
1
Suppose -1063 + 421 = -3*n. What is the units digit of n?
4
Let w = -19 - -40. Let x = 36 - w. What is the units digit of x?
5
Suppose 2*q + 326 = 4*n, -5*q - 143 = 2*n - 4*n. Suppose -48 = -4*b + 16. What is the units digit of (n/16)/(6/b)?
4
Let u = 112 + -80. Let t be 1/3 + (-74)/6. What is the tens digit of (-45)/t*u/6?
2
Let o = -27 - -30. Let z(p) = p**2 + p - 8. Let c be z(-4). Suppose -2*s - 3*d - 2*d + c = 0, o*s - 6 = 5*d. What is the units digit of s?
2
Let n(q) = 4*q**2 + 6*q - 2. Let j be ((-6)/1)/(-5 - 42/(-7)). What is the tens digit of n(j)?
0
Suppose -8*l = -6*l. Suppose l = 2*u - 6*y + 2*y + 6, 5*y - 27 = -4*u. Suppose -u*o - o + 68 = 0. What is the tens digit of o?
1
Suppose -4*y = -2*t - 10, 4*y + 5 = 2*t - 5*t. Let q(b) = 11*b**2 + 2*b - 1. Let v be q(y). Suppose 9*r = v*r - 135. What is the tens digit of r?
4
Let o = -55 + -30. Let j = -61 - o. What is the tens digit of j?
2
Suppose 24*t + 3010 = 34*t. What is the units digit of t?
1
Let o(v) = -v**2 + 31*v - 60. What is the tens digit of o(24)?
0
What is the hundreds digit of (-300)/750 + (-1 - 8964/(-10))?
8
Suppose -k + 203 = -4*q, q - 89 = 3*q - 3*k. Let c = -55 - -132. Let d = q + c. What is the units digit of d?
5
Suppose 21*z - 16859 = -2*z. What is the units digit of z?
3
Let b = -13 + 15. Suppose 0 = k - 5*o - 10, -b*k + k + 3*o + 10 = 0. What is the units digit of (78/(-30))/((-2)/k)?
3
Suppose -14*y + 1967 = -175. What is the units digit of y?
3
Let o(x) = -22*x + 2. Let b be o(-7). Let z = -39 + b. Suppose -5*v = 2*h - z, -2*v = -v - 3*h - 37. What is the units digit of v?
5
Let l(n) = -2*n**3 + 4*n**2 - 7*n - 7. Let k be l(4). Let p = 277 + k. What is the tens digit of p?
7
Suppose -2359 = 5*y - h - 0*h, -2365 = 5*y + 5*h. What is the units digit of (-4)/14*(y - -3)?
4
Suppose 0 = -f + p + 2133 - 47, -2*f = 2*p - 4160. What is the tens digit of f?
8
Suppose -20*x + 8063 = -1437. What is the hundreds digit of x?
4
Suppose -4*l + 5*x - 3 = 1, l + 5*x = -1. Let v be (l/3)/((-5)/765). Suppose v*u - 55*u = -16. What is the units digit of u?
4
Let j = 5 + 0. Suppose 37 = -3*n - j*o, 3*n - 4*o = -0*o + 8. What is the tens digit of (-32)/(-12)*(-39)/n?
2
Let g(m) = m**2 - 6*m + 7. Let l be g(5). Suppose -y - l*y - 3 = 0. What is the units digit of (12 + y + -3)*1?
8
Let m = -75 + 51. Let l be m/18*(-2 + -16). Suppose 5*w + q = 51, 2*w - 5*q = 6*w - l. What is the units digit of w?
1
Let l = 5968 + -1348. What is the units digit of l?
0
Let x(m) = -7*m**2 + m + 12. Let v be x(-5). Let j = -104 - v. Let q = j + -40. What is the units digit of q?
4
Let k(i) = i**3 - 4*i**2 - 5*i + 4. Let n be k(5). Suppose 4*m = -g - 0*g + 26, 5*g = -m - 3. Suppose m - 15 = -n*c. What is the units digit of c?
2
Let y be (9/6 + 0)*2. Suppose 20*w - 88 = 16*w. Suppose -i + 28 = -0*n + 5*n, -w = -y*n + 2*i. What is the units digit of n?
6
What is the units digit of (-165)/605 + 23543/11 + -2?
8
Suppose 61*m - 67*m = -11820. What is the thousands digit of m?
1
What is the hundreds digit of 2/(-14) - (-11 + (-13